- (-4114 + 4123)?
-43
What is the value of -3 + (-105 + 12 - 14 - (1 + 3))?
-114
Evaluate 14 + 33 + (-10 - -14 - 19).
32
What is (1 + (21 - 4) + (30 - 41) - -3) + 19?
29
(-1 - -1) + (-329 - -439) + (1 - 21) + -7
83
What is the value of -16 - (-23 + 5 - -1 - 8)?
9
What is -799 - -790 - (-6 + 0 - -2 - (1 - 80))?
-84
Calculate (-13 - (3 - 12)) + -3 + (6 + -21 - -4).
-18
What is -224 + 186 - (5 - (-3 - 17))?
-63
What is -122 - -98 - -20 - (-12 + -1)?
9
Evaluate 6 + -62 + 51 + -63 + 2 + 9 + -3.
-60
Calculate (-219 - -197) + 3 + 20.
1
38 - (-1 - 40 - -31)
48
Evaluate 10 + (-18 - (-35 - -20)) - ((6 - 8) + 14).
-5
(-6784 - -6744) + (-4 + 8 - 107)
-143
Evaluate (-567 - -550) + (2 - (-1 - 31)).
17
Evaluate (2 - (-1 + -55)) + (-49 - (-44 + 56 + -50)).
47
-6 - -135 - (88 + -39)
80
What is -170 - (-102 - (-7 - 7))?
-82
What is the value of (68 + -6 - -16) + 2 + -4 - 6?
70
-94 - -59 - (6 + (-18 - 19))
-4
Evaluate -40 + (8 + -4 - (-19 + 25)).
-42
Evaluate -24 + (4 - 3) + 3 + (1 - -16) + -15.
-18
What is (-50 - -7) + (-6 - (2 + -22)) - (2 - -9)?
-40
What is the value of 5539 + -5620 + -2 + 67?
-16
Evaluate 21 - (-16 + 2 - (9 + (-51 - -25))).
18
What is the value of 86 - (-72 + 317 - 83)?
-76
(-627 - -615) + (3 - (-1 - 20))
12
Evaluate -39 - (-9 + -22 - 66) - -3.
61
What is the value of -4 + (8 - -53) + (-61 - -51)?
47
(-23 - ((16 - 33) + 7) - -3) + -8
-18
-1 - (-27 - (0 + 15 + -29))
12
Calculate -1 + -2 + -50 + 53 + 32 + -71.
-39
Calculate 1053 + -1224 - (-90 + -1).
-80
Evaluate -2 + -6 - (9 + (19 + -59 - 0)).
23
What is (-62 - (-34 + 15)) + 37 - 44?
-50
What is the value of 33 + 0 - 32 - (-2 + -10 + -3) - -4?
20
What is -5 + -16 + 5 + 25 - (-51 + -9)?
69
Evaluate -15 - (90 + (-136 - -47) + -11 + 1).
-6
What is the value of (-11 - -1) + (11 - (19 + -3)) - -71?
56
What is -49 + -1 + (781 - 764) + 168?
135
Evaluate -46 + 40 + -20 + 15 - 76.
-87
Evaluate (-16 - ((-14 - 3) + 14 - 12)) + 21.
20
What is the value of 25 - (-4 + 4 - 7 - (4 - (25 - 24)))?
35
Calculate 97 + -28 + -48 + 34 + 1 + -12.
44
What is (-12 - -20) + -13 + -47 + -32 + 25?
-59
Calculate -7 + 24 - (35 + -35 + -1 + (2 - -9)).
7
Evaluate (28 - (146 + -94)) + (2 - 8).
-30
What is 165 + -221 + (4 + 14 - -2)?
-36
Evaluate 54 + -54 - (0 + 1 - -54) - (-212 - -218).
-61
What is the value of (1 - -2) + -4 - (361 + -374) - 41?
-29
What is the value of 12 - (76 + (-4 - 15))?
-45
What is -1 - 8 - (-46 - -73) - 10?
-46
What is the value of (-10 + (-13 - -8) + 2 - 3) + 6 - -63?
53
21 + 1 - (0 + (44 - 21) - 25) - 2
22
What is the value of 1 + 1 - 11 - (10 + 149 + -171)?
3
12 + 41 + -67 - (3 - 58)
41
Evaluate 20 - ((-2 + -10 - (31 - 32)) + (25 - 26)).
32
What is the value of -2 - 22 - (-9 - (-2 + 0))?
-17
-2 + 20 + -9 - ((23 - -24) + -17)
-21
1 + (1 - -6) + (55 - (-36 - -103))
-4
74 - (-30 - (-73 - -18) - 2)
51
What is -7 - (-4 + (3 - (-2 + -3)) + -10)?
-1
2956 + -2948 + 32 + 0
40
What is the value of 1 - -6 - 9 - 3 - (78 + -8 - 11)?
-64
What is the value of -55 - (-36 - (-55 - -4) - (0 + 1))?
-69
What is 140 + -372 + 140 - (-12 + 3)?
-83
What is (28 + 6 - -15) + -40?
9
Evaluate (5 - (-13 + 5)) + (-1 + 2 - 2 - -67).
79
What is -17 + -5 + (-7 - (-3 - 17)) + 12?
3
What is -43 + (19 - 3) + -50 + 4?
-73
17 + -5 + -9 + (-8 - -13 - -18)
26
What is 32 + -48 + 31 + 8 - (-2 + 123)?
-98
Calculate 53 + -1 - ((-931 - -929) + (-1 - -2)).
53
Evaluate -2 - (-1 - -2) - (5 + -22 - -41).
-27
Calculate -24 - (-361 + 344 - (-10 + 0)).
-17
What is the value of (33 - (62 + 38)) + -7 + -6 + 0 + 0?
-80
192 + -288 - (2 + 5 - 17)
-86
What is -9182 + 9301 - (268 - 0)?
-149
What is the value of 8 + -9 + 9 + (-33 - 2) + 11?
-16
-26 + (-9 - (-46 - -21)) + -12
-22
Calculate (1 + 0 - 9) + (-15 - (-61 + 46 - -29)).
-37
What is -14 - 1 - (-2 + (-11 + 20 + -23 - -10))?
-9
Evaluate -14 + -31 + -2 + 105.
58
What is the value of -10 + -94 + -839 + 866?
-77
(20 + 16 - (11 + 11)) + 19
33
Calculate (-3 - -43) + (-29 - (-13 + -23)).
47
Evaluate ((6 - -11) + -44 + 33 - 12) + -10 + 14.
-2
Calculate (26 - -5) + -3 + (-603 - -674).
99
What is the value of 61 - (-2 + 16) - 51?
-4
13 - (21 + (-16 - 5 - -5) + (-2 - -8))
2
Calculate (4 + -32 + 24 - (3 + -2)) + 4.
-1
Evaluate 77 - (10 + -24) - (9 + 29 + -23).
76
What is 55 + -44 + -6 + 53 + -1 + 20?
77
Evaluate (-2 - 14) + (35 - (-52 - -85)) - 6.
-20
What is the value of 112 - 183 - 104 - -147?
-28
Evaluate (37 - (-38 - -58)) + (-9 - 1).
7
What is -14 + (-16 + 19 - -16) - (-2 - -48)?
-41
-67 - (-51 + 75 + -50)
-41
What is 20 + -29 - (7 + (-2 - 4) + -1 + -46)?
37
4 + 27 + 81 + -84
28
Evaluate (1 - 4) + 19 + 5 + (235 - 234).
22
Calculate -16 + (57 - 49 - -38).
30
Evaluate 21 + (11 - (2 + 23)) + 40.
47
6 - ((-28 - -21) + 5) - 54
-46
What is -8 - -68 - (-24 - (-4 - 31 - -17))?
66
Calculate 10 + (-23 - -9) + 1.
-3
What is the value of 118 + -51 + (-33 - -23)?
57
What is -8 + (0 + 56 + -1 - (-15 + 12 + -11))?
61
Calculate -10 - (-1079 - -966 - (1 - 24)).
80
(13 - -41) + (41 - 63 - (0 + -7))
39
Evaluate -39 + -91 + (-40 - -71).
-99
7 + -17 + 9 + -40 + 13 + 8 + -3
-23
Calculate -16 + (9 + -4 - -2) + (47 - (7 - 6)).
37
What is -15 + 11 + (166 - 121)?
41
58 + 5 + -27 - 34
2
Evaluate -18 - (-34 + (7 - -21)) - ((45 - -3) + -2).
-58
What is 7 + (-41 + (4 - -56) - (0 + 26))?
0
Calculate -2 + (23 - (-13 + 39)).
-5
What is the value of (-11 - -26) + -9 + -7 + 7 + 113?
119
-23 - ((0 - 0) + 0) - (74020 + -73946)
-97
What is 85 + 116 + 3 + -132?
72
Evaluate (-2 - 17) + (76 - 33) + -29.
-5
1 + -23 - (-11 + -57 + 39)
7
Evaluate 9 + -15 + 11 - (1 + -3 - 3).
10
(-1 - 25) + (-2 + -25 - -3) + 39
-11
(17 - 39) + (-8 - 0 - -3 - (63 + -59))
-31
Calculate -22 + 7 + 7 + (5 - -59) + -1.
55
Calculate 7 + -117 - (-17 + 10 + 6 + -7 - -15).
-117
Evaluate (-5 - -2 - -1) + (66 - (176 - (-78 + 80))).
-110
(-1 - (1 - 2) - 14) + (69 - -3 - 74)
-16
Evaluate 43 - (993 - 1022 - (-12 + 0)).
60
-89 + 83 - (14 + (-2 - 3 - -14) + -7)
-22
-344 - -348 - ((8 - (2 - -9)) + -50)
57
(85 - 99) + -3 - (1 - 2)
-16
Calculate 55 + -2 + (19 - 13) - (34 + -26 + -1).
52
Calculate 3 - (23 - 20 - 33) - (20 + (9 - 18)).
22
6 + (2 - 11) + -1 + -11 + 2
-13
Evaluate -24 - (1 - 1) - (11 + -42 - (24 - 51)).
-20
Calculate (52 - 103 - -42) + 20.
11
Evaluate 49 + (49 - 105) + (5 - -41) + 3.
42
Calculate (4 - 26) + (37 - 32 - 7) - (-13 - 0).
-11
3 - (35 - 16 - 2) - (10 - -4)
-28
What is (-5 - 1) + ((4 - -1) + -108 + 126 - -17)?
34
What is the value of (-294 - -258) + -11 + 8 + 129?
90
-12575 + 12585 - (0 - 12)
22
What is the value of 0 + (2 + 5 - 5) + -10 - -9 - 4?
-3
Evaluate 6 + -6 + 4 + (9 + 17 - (17 - 2)).
15
Evaluate -92 - (-117 - (2 + -108)).
-81
Evaluate -24 - (18 + -20 + -34) - -37.
49
Calculate (33 - (52 + 30)) + 37 + 2 + 132.
122
What is the value of 30 + -97 - -79 - -83?
95
(-1 - -2) + 1 + (713 - 709) + 68 + -5
69
What is 307 + -342 - (3 - 12 - -13)?
-39
What is the value of -21 + -1 + -85 + 13 - -23?
-71
Evaluate 1 + 6 + (44 - 29 - 13) + -11.
-2
What is the value of (-14 - -14) + (9 - (-4 + 6)) + (26 - -46)?
79
6 + -6 + (5 - 12 - -17 - -3)
13
What is (8 - (-1 - -19)) + 6 + -19 + 106?
83
Calculate -45 - ((-28 - (-54 - -19)) + (-7 - -2)).
-47
Calculate -7 - (-10 - -12) - (-4 + 23).
-28
1 - 59 - (231 + (-367 - -119))
-41
What is (-51 - (23 + 3)) + 37?
-40
What is the value of (40 - 21) + 93 + -29?
83
Evaluate -20 + (11 - (-19 + 33)) + 49.
26
What is -127 + 39 + 5 + 23?
-60
What is the value of (1 - -18) + -75 + 73 + -18 - -10?
9
Calculate 1 + -19 + 13 + 29 + -16 + 41.
49
What is -17 - ((-25 - -11 - -25) + 48)?
-76
Calculate 566 + -656 - (4 - 51).
-43
Evaluate 2 - 1 - (-2 - ((22 - 9) + 5 - -3)).
24
Calculate 71 - (51 + -53) - (-1 + 1 + (-8 - -7)).
74
(-8 - 7) + 9 + (-10 - -17 - -10)
11
What is -27 + (-74 - -66) - -95?
60
Evaluate 0 + (-110 - -74) - (7 + -63).
20
What is 1 + (6 - 6) - 1 - (414 - 462)?
48
Calculate -50 + 16 + 7 + 40 + (1 - -18).
32
What is the value of (0 - 1) + 0 + (-2 - ((34 - 33) + -29))?
25
Evaluate (15 - (12 + -1)) + -26 + -9 + 9.
-22
27 - (11 - (-26 - 5 - -22))
7
What is 7 + -1 - ((-3 - -6) + -5 - (-2 + 13))?
19
Evaluate 14 + 8 + (-9 - -20 - 26) + (-3 - -34).
38
What is the value of 44 + -14 + -34 + 51 + -10 + -1 + 4?
40
What is 18 + 40 + (-2 - 140 - -36)?
-48
Calculate 21 - (-16 - 69 - -35).
71
Evaluate 17 + 2 + (0 - 7) + -18 + 55.
49
What is (-578 -